.
11
Suppose 758*a = 755*a + 216. What is the highest common divisor of a and 792?
72
Let j = -7 - -18. Suppose 0 = 5*i - j - 64. Suppose 0 = 47*c + 4 - 145. What is the highest common factor of c and i?
3
Let w = -399 + 1231. Calculate the highest common divisor of w and 64.
64
Let y(w) = w**3 + 5*w**2 + 5. Let j be y(-5). Let s be 0/(5 + -8 - -4). Suppose 69*l - 73*l + 220 = s. Calculate the greatest common factor of l and j.
5
Let r be (21 - -31) + (-2 + -2)*1. Calculate the greatest common factor of 216 and r.
24
Let w = 506 - 502. Let r(q) = q**3 + 7*q**2 + 6*q - 7. Let m be r(-5). Let d = m - 9. Calculate the greatest common divisor of d and w.
4
Let s(g) = 4*g + 105. Let y be s(-24). What is the highest common divisor of 21 and y?
3
Let k be ((-136)/14)/((-10)/35). Let l = -31 + k. Suppose l*d - 80 = d. Calculate the greatest common divisor of 4 and d.
4
Let y be (4/(-6))/((-8)/108). Let n be (-34)/(-12)*y*6. What is the highest common factor of n and 17?
17
Let t(b) = -b**2 + 23*b + 14. Let d be t(7). What is the highest common divisor of 54 and d?
18
Suppose 0*d + 5*p - 9 = d, -10 = -5*p. Let a(h) = 27*h - 3. Let q be a(d). What is the greatest common factor of q and 12?
12
Let q be 2 - (-3)/((-6)/(-400)). Suppose -m + 758 = -q. Suppose -m = -7*h + 3*h. Calculate the highest common factor of 30 and h.
30
Let x be 18/(-117) - (-112)/52. What is the greatest common divisor of 130 and x?
2
Let a be 4 + 0 - (6 - -34). Let u be -4*(a/8 - -3). What is the highest common factor of u and 24?
6
Suppose -5*t = -y + 35, y + 3*y + 5*t - 90 = 0. Let i = 811 - 536. Calculate the greatest common factor of i and y.
25
Let u(l) = -l**3 - 9*l**2 - 7*l - 7. Let r be u(-9). Let d be (r/(-12))/((-2)/6). Let m = -120 - -190. Calculate the highest common divisor of d and m.
14
Let f be 6/(-2)*705/(-45). Suppose 4*v - f = -3*z, -5*v + 0*v + 3*z = -79. Calculate the highest common factor of 56 and v.
14
Suppose -2*k + 4*s + 86 = 0, 0*k - s = 5*k - 226. Let r be 1/(((-7)/k)/(-7)). Calculate the highest common divisor of 15 and r.
15
Let m be (1*-48)/((-324)/729). Let c(p) = 3*p**2 + p + 2. Let g be c(-2). Calculate the greatest common factor of m and g.
12
Let s be (-4)/6 + (-44)/(-12). Let y be ((-90)/(-12))/((-9)/60*-2). Suppose 0 = -s*v + y + 11. What is the highest common factor of v and 12?
12
Suppose 70*q + 40 = 75*q. What is the highest common divisor of q and 200?
8
Suppose 0 = 21*a - 1887 - 339. Calculate the greatest common divisor of a and 901.
53
Let i(o) = -o**2 - 8*o - 4. Let q be i(-5). Let f be ((-242)/55*(-5)/2)/1. What is the greatest common divisor of q and f?
11
Let q(o) = 1. Let k(n) = -n**2 - 2*n - 4. Let c(p) = -k(p) - 4*q(p). Let h be c(-3). Suppose h*t = 9*t - 450. Calculate the greatest common divisor of t and 30.
15
Let p(g) = 8*g**2 - 3*g. Let a be p(3). Let z be (-14)/(-77) + (-14)/44*32. Let j be (z + 12)*7/2. Calculate the highest common factor of a and j.
7
Suppose -70*x + 68*x = -1128. What is the highest common divisor of 24 and x?
12
Suppose 17*w + 1176 = 31*w. Suppose i + 13 = 3*r - 0, 0 = i - 2. Suppose 5*s = 5*a + 70, -r*s + 37 = 4*a - 15. What is the greatest common factor of w and s?
12
Let b(t) = 170*t + 104. Let n be b(2). Calculate the highest common divisor of 555 and n.
111
Let j be (-3*(2 + -1))/(3/(-33)). Let v be 22*(-5)/(25/(-30)). Calculate the highest common factor of j and v.
33
Let u = -26 - -35. What is the greatest common factor of 45 and u?
9
Suppose 0 = -5*y + 141 - 21. Suppose -878 = 6*z - 7214. Suppose -192 = 4*d - z. What is the greatest common factor of d and y?
24
Let t be (3 - 5) + 1/(-1). Let g be t/(-6) + 78/4. Let h(o) = -8*o**3 - 3*o**2 + 4*o + 6. Let b be h(-2). What is the greatest common factor of g and b?
10
Let a be (1/3)/(-1 + 62/60). Suppose 392 = 17*v - a*v. What is the greatest common divisor of 8 and v?
8
Let q(d) = 8*d**3 + 7*d**2 + 9*d + 12. Let t be q(-4). Let p be -2 - -1 - (-17 + t). Calculate the greatest common divisor of p and 40.
40
Let z(o) = o**3 - 4*o**2 + 2. Let t be z(4). Suppose 2*b - 30 = -4*a, 29 = 4*a + 223*b - 220*b. Calculate the greatest common factor of a and t.
2
Let p be 80/(-160) - 50/(-4). What is the highest common divisor of p and 156?
12
Suppose 5*q - 19 = b, 5*q + 5*b - 24 = b. Let p(o) = 6*o**2 - 6*o + 3. Let l be p(q). Let y = -27 + l. What is the greatest common factor of 6 and y?
6
Suppose -24 - 6 = -10*r. Let d be 7 + -4 + r - (1 + -1). What is the highest common divisor of 15 and d?
3
Let n(q) = -q**3 + 10*q**2 + 59*q + 4. Let a be n(14). Calculate the highest common factor of a and 1633.
23
Let y be (-6)/(-15) - 90/(-150). What is the greatest common divisor of y and 8?
1
Let l = 63 + -37. Let n be 6/4 - (-143)/l. Let p(w) = -w**2 + 10*w - 8. Let f be p(9). Calculate the highest common factor of n and f.
1
Let s(q) = -3*q**3 + 22*q**2 + 19*q + 5. Let o be s(8). What is the greatest common factor of 29 and o?
29
Suppose -6*l + 7 = -5*l. Let r = 0 + 3. Let v = r - 2. What is the greatest common divisor of v and l?
1
Suppose 0 = 2*l - 8*o + 4*o - 428, 5*o = 4*l - 859. Calculate the greatest common factor of l and 72.
72
Let a = -501 - -1141. What is the greatest common divisor of a and 20?
20
Let y(i) be the first derivative of i**4/4 + 8*i**3/3 + 4*i**2 + i + 8. Let f be y(-6). Calculate the greatest common divisor of f and 10.
5
Let a(v) be the second derivative of v**5/20 + v**4/6 - 5*v**3/6 - v**2 + 11*v. Let q = -7 - -4. Let c be a(q). What is the greatest common factor of 10 and c?
2
Let q = 5 - 9. Let g(y) = -16*y - 8. Let p be g(q). Let o(v) = -v**2 + 8*v - 4. Let n be o(6). What is the greatest common divisor of n and p?
8
Suppose 0 = -7*s + 29 + 41. Let n be 32/s - 16/(-20). Calculate the highest common factor of n and 12.
4
Suppose 14*i - 13 = 13*i. Suppose -540 = 4*j - i*j. What is the highest common divisor of 90 and j?
30
Let m = -9087 + 9105. Suppose 83 + 58 = t + 3*k, -529 = -4*t - 5*k. Calculate the highest common factor of t and m.
18
Let w = -867 + 957. What is the greatest common divisor of w and 40?
10
Suppose -11*q + 234 = 2*q. Calculate the highest common factor of q and 324.
18
Let a be (-97)/(-11) + (-4)/(-22). Let z be 2/8 + a/12. Suppose w - z = 8. What is the highest common divisor of 1 and w?
1
Let v be -2*18*1/(-1). Suppose t - 9 + 5 = 0. Suppose -49 = -5*d + 4*a, d - a = -t*a + 6. Calculate the highest common factor of v and d.
9
Let c be ((14/(-10))/(-1))/((-1)/(-5)). Suppose 5*u + 1 = 16. Let p = c - u. Calculate the greatest common factor of 4 and p.
4
Let n be (-57)/38*8/(-3). Suppose -18 = 4*r + 2*a, -5*r - 30 = -3*a + 20. Let v = 9 + r. What is the highest common divisor of v and n?
2
Let o(f) = 1078*f - 5361. Let r be o(5). Let w(h) = 20*h - 4. Let n be w(6). Calculate the highest common divisor of n and r.
29
Let q be (2/1)/6*9. Let g = 0 - -8. Suppose -q*x - 14 = -5*b + 5, -2*b = -x - g. What is the greatest common factor of x and 14?
2
Let f be (-898)/(-10) - 1/(-5). Suppose 7*h = 4*h - 105. Let q be (-508)/(-14) - (-10)/h. Calculate the highest common divisor of f and q.
18
Let n = -1959 - -1981. What is the greatest common divisor of n and 66?
22
Suppose -112 - 1163 = -15*j. What is the greatest common factor of j and 493?
17
Let l be ((-12)/7)/((-8)/28). Suppose -f - 5*x - 13 = 0, 2*f + 49 = 4*f - 5*x. What is the highest common divisor of f and l?
6
Let r be 4 + 47 + 1 + -10. What is the highest common factor of 14 and r?
14
Let m = 31 + -9. Let q(n) = n + 56*n**2 + 0 + 1 + 2*n + 1. Let i be q(-2). Calculate the greatest common divisor of m and i.
22
Suppose 8 = 2*y - 10. Let t = -8 + y. Suppose -5*s + 5 = -q - 0*q, -4*s + 4 = -q. Calculate the greatest common factor of t and s.
1
Let k(x) = 2*x**2 - 4*x - 5. Let s be k(-2). Let r(a) = 12*a + 43. Let l be r(s). What is the highest common factor of 70 and l?
35
Suppose -5*g + 1809 = 2*c, 0 = 16*c - 18*c + 3*g + 1849. What is the highest common factor of 393 and c?
131
Let h = -281 - -386. Let r(b) = -b**3 + b**2 - 3*b - 3. Let l be r(-2). What is the highest common factor of l and h?
15
Suppose 7*o + 1056 = 11*o. What is the greatest common divisor of 33 and o?
33
Let j be 0 - 11/((-22)/120). Calculate the greatest common factor of j and 80.
20
Suppose 